{"id":664,"date":"2013-07-26T17:29:26","date_gmt":"2013-07-26T16:29:26","guid":{"rendered":"http:\/\/www.xn--itinraireculturelfrancsetwisigoths-e9c.fr\/?page_id=664"},"modified":"2014-11-19T09:30:11","modified_gmt":"2014-11-19T08:30:11","slug":"francs-et-wisigoths","status":"publish","type":"page","link":"http:\/\/www.xn--itinraireculturelfrancsetwisigoths-e9c.fr\/?page_id=664","title":{"rendered":"Francs et Wisigoths&#8230;"},"content":{"rendered":"<p style=\"text-align: justify;\">Au Haut Moyen \u00c2ge, la France et l\u2019Europe\u00a0connaissent &#8220;les invasions barbares&#8221;,\u00a0un terme utilis\u00e9 pour designer des mouvements de populations &#8220;Grandes migrations&#8221; \u00a0(Huns, Vandales, Ostrogoths, Burgondes, Wisigoths, Alamans, Francs, Su\u00e8ves, \u2026). Parmi ces peuples on distingue les Francs et les Wisigoths.<\/p>\n<h6 style=\"text-align: justify;\"><span style=\"text-decoration: underline;\">Les Wisigoths<\/span>: Le peuple germanique oriental des Goths, probablement originaire des abords de la Mer Baltique, apparait dans l&#8217;histoire &#8211; \u00e9crite par les Romains &#8211; au IIIe si\u00e8cle, quand ils d\u00e9vastent les provinces romaines orientales jusqu&#8217;\u00e0 ce que l&#8217;empereur Claude II &#8220;Le Gothique&#8221; (268-269) d\u00e9truise leur royaume. Le peuple se divise alors en deux. Au milieu du IVe si\u00e8cle, les Wisigoths sont install\u00e9s au voisinage de l&#8217;Empire romain, dans la basse vall\u00e9e du Danube. En 332, l&#8217;empereur Constantin les a vaincus et a conclu avec eux un <em>foedus <\/em>(c&#8217;est-\u00e0-dire un trait\u00e9 d&#8217;alliance). Leurs voisins de l&#8217;est sont leurs &#8220;parents&#8221;, les Ostrogoths, dont le roi, Ermenarik, r\u00e8gne sur plusieurs autres populations soumises. L&#8217;apparition des Huns en Europe orientale en 375 d\u00e9clenche les &#8220;Grandes migrations&#8221;, qui m\u00e8nent les Wisigoths jusqu&#8217;en Gaule et en Espagne, les Ostrogoths en Italie&#8230;&#8230;<\/h6>\n<p style=\"text-align: justify;\"><span style=\"text-decoration: underline;\">Les royaumes francs<\/span>: Au cours du IIIe si\u00e8cle, plusieurs tribus germaniques s\u00e9journant dans les r\u00e9gions de la basse vall\u00e9e du Rhin, en Germanie libre, se liguent et adoptent le nom de &#8220;Francs&#8221;, qui \u00e9voque leur bravoure. Ils s&#8217;attaquent parfois aux provinces de l&#8217;Empire. Au IVe si\u00e8cle, le groupe des Francs occidentaux conclut un trait\u00e9 avec l&#8217;empereur Julien. Dans la premi\u00e8re moiti\u00e9 du Ve si\u00e8cle, conduits par leur roi Clodion, ils entrent dans la province de Belgique Seconde (entre l&#8217;ouest de la Belgique actuelle et la Picardie), et s&#8217;\u00e9tablissent entre Arras et Cambrai. Ils sont pr\u00e9sents dans l&#8217;arm\u00e9e d&#8217;Aetius contre les Huns en 451. Leur roi Child\u00e9ric remplit aussi la fonction d&#8217;administrateur romain de la province. Il meurt en 481\/2. Son fils Clovis lui succ\u00e8de dans les deux charges, et peu apr\u00e8s entreprend la conqu\u00eate de la Gaule&#8230;&#8230;<em>Extraits du catalogue de l&#8217;exposition &#8220;507-2007, 15e centenaire de la bataille de Vouill\u00e9&#8221;: Direction scientifique Patrick P\u00e9rin, Commissariat, recherches et r\u00e9alisation Katalin Escher.<\/em><\/p>\n<p>&nbsp;<\/p>\n<p>&nbsp;<\/p>\n<p>&nbsp;<\/p>\n","protected":false},"excerpt":{"rendered":"<p>Au Haut Moyen \u00c2ge, la France et l\u2019Europe\u00a0connaissent &#8220;les invasions barbares&#8221;,\u00a0un terme utilis\u00e9 pour designer des mouvements de populations &#8220;Grandes migrations&#8221; \u00a0(Huns, Vandales, Ostrogoths, Burgondes, Wisigoths, Alamans, Francs, Su\u00e8ves, \u2026). Parmi ces peuples on distingue les Francs et les Wisigoths. &hellip; <a href=\"http:\/\/www.xn--itinraireculturelfrancsetwisigoths-e9c.fr\/?page_id=664\">Continuer la lecture <span class=\"meta-nav\">&rarr;<\/span><\/a><\/p>\n","protected":false},"author":1,"featured_media":0,"parent":0,"menu_order":0,"comment_status":"closed","ping_status":"closed","template":"sidebar-page.php","meta":{"footnotes":""},"class_list":["post-664","page","type-page","status-publish","hentry"],"_links":{"self":[{"href":"http:\/\/www.xn--itinraireculturelfrancsetwisigoths-e9c.fr\/index.php?rest_route=\/wp\/v2\/pages\/664","targetHints":{"allow":["GET"]}}],"collection":[{"href":"http:\/\/www.xn--itinraireculturelfrancsetwisigoths-e9c.fr\/index.php?rest_route=\/wp\/v2\/pages"}],"about":[{"href":"http:\/\/www.xn--itinraireculturelfrancsetwisigoths-e9c.fr\/index.php?rest_route=\/wp\/v2\/types\/page"}],"author":[{"embeddable":true,"href":"http:\/\/www.xn--itinraireculturelfrancsetwisigoths-e9c.fr\/index.php?rest_route=\/wp\/v2\/users\/1"}],"replies":[{"embeddable":true,"href":"http:\/\/www.xn--itinraireculturelfrancsetwisigoths-e9c.fr\/index.php?rest_route=%2Fwp%2Fv2%2Fcomments&post=664"}],"version-history":[{"count":31,"href":"http:\/\/www.xn--itinraireculturelfrancsetwisigoths-e9c.fr\/index.php?rest_route=\/wp\/v2\/pages\/664\/revisions"}],"predecessor-version":[{"id":1798,"href":"http:\/\/www.xn--itinraireculturelfrancsetwisigoths-e9c.fr\/index.php?rest_route=\/wp\/v2\/pages\/664\/revisions\/1798"}],"wp:attachment":[{"href":"http:\/\/www.xn--itinraireculturelfrancsetwisigoths-e9c.fr\/index.php?rest_route=%2Fwp%2Fv2%2Fmedia&parent=664"}],"curies":[{"name":"wp","href":"https:\/\/api.w.org\/{rel}","templated":true}]}}

<p style="text-align: justify;">Au Haut Moyen Âge, la France et l’Europe connaissent &#8220;les invasions barbares&#8221;, un terme utilisé pour designer des mouvements de populations &#8220;Grandes migrations&#8221;  (Huns, Vandales, Ostrogoths, Burgondes, Wisigoths, Alamans, Francs, Suèves, …). Parmi ces peuples on distingue les Francs et les Wisigoths.</p>
<h6 style="text-align: justify;"><span style="text-decoration: underline;">Les Wisigoths</span>: Le peuple germanique oriental des Goths, probablement originaire des abords de la Mer Baltique, apparait dans l&#8217;histoire &#8211; écrite par les Romains &#8211; au IIIe siècle, quand ils dévastent les provinces romaines orientales jusqu&#8217;à ce que l&#8217;empereur Claude II &#8220;Le Gothique&#8221; (268-269) détruise leur royaume. Le peuple se divise alors en deux. Au milieu du IVe siècle, les Wisigoths sont installés au voisinage de l&#8217;Empire romain, dans la basse vallée du Danube. En 332, l&#8217;empereur Constantin les a vaincus et a conclu avec eux un <em>foedus </em>(c&#8217;est-à-dire un traité d&#8217;alliance). Leurs voisins de l&#8217;est sont leurs &#8220;parents&#8221;, les Ostrogoths, dont le roi, Ermenarik, règne sur plusieurs autres populations soumises. L&#8217;apparition des Huns en Europe orientale en 375 déclenche les &#8220;Grandes migrations&#8221;, qui mènent les Wisigoths jusqu&#8217;en Gaule et en Espagne, les Ostrogoths en Italie&#8230;&#8230;</h6>
<p style="text-align: justify;"><span style="text-decoration: underline;">Les royaumes francs</span>: Au cours du IIIe siècle, plusieurs tribus germaniques séjournant dans les régions de la basse vallée du Rhin, en Germanie libre, se liguent et adoptent le nom de &#8220;Francs&#8221;, qui évoque leur bravoure. Ils s&#8217;attaquent parfois aux provinces de l&#8217;Empire. Au IVe siècle, le groupe des Francs occidentaux conclut un traité avec l&#8217;empereur Julien. Dans la première moitié du Ve siècle, conduits par leur roi Clodion, ils entrent dans la province de Belgique Seconde (entre l&#8217;ouest de la Belgique actuelle et la Picardie), et s&#8217;établissent entre Arras et Cambrai. Ils sont présents dans l&#8217;armée d&#8217;Aetius contre les Huns en 451. Leur roi Childéric remplit aussi la fonction d&#8217;administrateur romain de la province. Il meurt en 481/2. Son fils Clovis lui succède dans les deux charges, et peu après entreprend la conquête de la Gaule&#8230;&#8230;<em>Extraits du catalogue de l&#8217;exposition &#8220;507-2007, 15e centenaire de la bataille de Vouillé&#8221;: Direction scientifique Patrick Périn, Commissariat, recherches et réalisation Katalin Escher.</em></p>
<p>&nbsp;</p>
<p>&nbsp;</p>
<p>&nbsp;</p>

<p>Au Haut Moyen Âge, la France et l’Europe connaissent &#8220;les invasions barbares&#8221;, un terme utilisé pour designer des mouvements de populations &#8220;Grandes migrations&#8221;  (Huns, Vandales, Ostrogoths, Burgondes, Wisigoths, Alamans, Francs, Suèves, …). Parmi ces peuples on distingue les Francs et les Wisigoths. &hellip; <a href="http://www.xn--itinraireculturelfrancsetwisigoths-e9c.fr/?page_id=664">Continuer la lecture <span class="meta-nav">&rarr;</span></a></p>
