{"id":791,"date":"2013-09-12T11:28:43","date_gmt":"2013-09-12T10:28:43","guid":{"rendered":"http:\/\/www.xn--itinraireculturelfrancsetwisigoths-e9c.fr\/?page_id=791"},"modified":"2015-02-16T11:00:58","modified_gmt":"2015-02-16T10:00:58","slug":"logo-de-litineraire-culturel-francs-et-wisigoths","status":"publish","type":"page","link":"http:\/\/www.xn--itinraireculturelfrancsetwisigoths-e9c.fr\/?page_id=791","title":{"rendered":"Logo de l&#8217;Itin\u00e9raire Culturel Francs et Wisigoths&#8230;"},"content":{"rendered":"<p style=\"text-align: justify;\"><span style=\"color: #000000;\"><em><strong>Un logo commun<\/strong>: chaque structure membre du r\u00e9seau par l&#8217;adoption et la signature de la charte \u00e9thique des valeurs (<a href=\"http:\/\/www.ffice.eu\">F.F.I.C.E<\/a>.), pourra s&#8217;approprier le logo (\u00e0\u00a0compl\u00e9ter \u00e0 terme en fonction des attentes et souhaits des\u00a0membres), en inscrivant son nom dans le rectangle blanc\u00a0 pr\u00e9vu\u00a0\u00e0 cet usage.<\/em><\/span><\/p>\n<p style=\"text-align: center;\"><a href=\"http:\/\/www.xn--itinraireculturelfrancsetwisigoths-e9c.fr\/wp-content\/uploads\/2013\/06\/Logo-Itin\u00c3\u00a9raire-Culturel-06-2013.jpg\"><img loading=\"lazy\" decoding=\"async\" class=\"alignnone size-medium wp-image-304\" src=\"http:\/\/www.xn--itinraireculturelfrancsetwisigoths-e9c.fr\/wp-content\/uploads\/2013\/06\/Logo-Itin\u00c3\u00a9raire-Culturel-06-2013-300x224.jpg\" alt=\"Logo Itin\u00c3\u00a9raire Culturel 06-2013\" width=\"300\" height=\"224\" srcset=\"http:\/\/www.xn--itinraireculturelfrancsetwisigoths-e9c.fr\/wp-content\/uploads\/2013\/06\/Logo-Itin\u00c3\u00a9raire-Culturel-06-2013-300x224.jpg 300w, http:\/\/www.xn--itinraireculturelfrancsetwisigoths-e9c.fr\/wp-content\/uploads\/2013\/06\/Logo-Itin\u00c3\u00a9raire-Culturel-06-2013-1024x766.jpg 1024w, http:\/\/www.xn--itinraireculturelfrancsetwisigoths-e9c.fr\/wp-content\/uploads\/2013\/06\/Logo-Itin\u00c3\u00a9raire-Culturel-06-2013-400x300.jpg 400w, http:\/\/www.xn--itinraireculturelfrancsetwisigoths-e9c.fr\/wp-content\/uploads\/2013\/06\/Logo-Itin\u00c3\u00a9raire-Culturel-06-2013.jpg 1768w\" sizes=\"auto, (max-width: 300px) 100vw, 300px\" \/><\/a><\/p>\n<p style=\"text-align: justify;\">La copie de la broche circulaire (fibule) qui le personnalise est commune aux Francs, Wisigoths et Ostrogoths, d\u2019o\u00f9 son choix. Elle est extraite du catalogue page 456 de l\u2019exposition<em>: \u00ab\u00a0Hispania Gothorum San Ildefonso y el reino visigodo de Toledo\u00a0\u00bb. 23 enero \u2013 30 junio 2007 Toledo. Museo de santa Cruz. <\/em>Elle provient de la N\u00e9cropole de Aceditos en Espagne et est expos\u00e9e au Mus\u00e9e Arch\u00e9ologique R\u00e9gional de Madrid.<\/p>\n<h6 style=\"text-align: center;\"><\/h6>\n<h6 style=\"text-align: justify;\"><\/h6>\n","protected":false},"excerpt":{"rendered":"<p>Un logo commun: chaque structure membre du r\u00e9seau par l&#8217;adoption et la signature de la charte \u00e9thique des valeurs (F.F.I.C.E.), pourra s&#8217;approprier le logo (\u00e0\u00a0compl\u00e9ter \u00e0 terme en fonction des attentes et souhaits des\u00a0membres), en inscrivant son nom dans le &hellip; <a href=\"http:\/\/www.xn--itinraireculturelfrancsetwisigoths-e9c.fr\/?page_id=791\">Continuer la lecture <span class=\"meta-nav\">&rarr;<\/span><\/a><\/p>\n","protected":false},"author":1,"featured_media":0,"parent":0,"menu_order":0,"comment_status":"closed","ping_status":"closed","template":"sidebar-page.php","meta":{"footnotes":""},"class_list":["post-791","page","type-page","status-publish","hentry"],"_links":{"self":[{"href":"http:\/\/www.xn--itinraireculturelfrancsetwisigoths-e9c.fr\/index.php?rest_route=\/wp\/v2\/pages\/791","targetHints":{"allow":["GET"]}}],"collection":[{"href":"http:\/\/www.xn--itinraireculturelfrancsetwisigoths-e9c.fr\/index.php?rest_route=\/wp\/v2\/pages"}],"about":[{"href":"http:\/\/www.xn--itinraireculturelfrancsetwisigoths-e9c.fr\/index.php?rest_route=\/wp\/v2\/types\/page"}],"author":[{"embeddable":true,"href":"http:\/\/www.xn--itinraireculturelfrancsetwisigoths-e9c.fr\/index.php?rest_route=\/wp\/v2\/users\/1"}],"replies":[{"embeddable":true,"href":"http:\/\/www.xn--itinraireculturelfrancsetwisigoths-e9c.fr\/index.php?rest_route=%2Fwp%2Fv2%2Fcomments&post=791"}],"version-history":[{"count":22,"href":"http:\/\/www.xn--itinraireculturelfrancsetwisigoths-e9c.fr\/index.php?rest_route=\/wp\/v2\/pages\/791\/revisions"}],"predecessor-version":[{"id":2177,"href":"http:\/\/www.xn--itinraireculturelfrancsetwisigoths-e9c.fr\/index.php?rest_route=\/wp\/v2\/pages\/791\/revisions\/2177"}],"wp:attachment":[{"href":"http:\/\/www.xn--itinraireculturelfrancsetwisigoths-e9c.fr\/index.php?rest_route=%2Fwp%2Fv2%2Fmedia&parent=791"}],"curies":[{"name":"wp","href":"https:\/\/api.w.org\/{rel}","templated":true}]}}

Logo de l&#8217;Itinéraire Culturel Francs et Wisigoths&#8230;

<p style="text-align: justify;"><span style="color: #000000;"><em><strong>Un logo commun</strong>: chaque structure membre du réseau par l&#8217;adoption et la signature de la charte éthique des valeurs (<a href="http://www.ffice.eu">F.F.I.C.E</a>.), pourra s&#8217;approprier le logo (à compléter à terme en fonction des attentes et souhaits des membres), en inscrivant son nom dans le rectangle blanc  prévu à cet usage.</em></span></p>
<p style="text-align: center;"><a href="http://www.xn--itinraireculturelfrancsetwisigoths-e9c.fr/wp-content/uploads/2013/06/Logo-ItinÃ©raire-Culturel-06-2013.jpg"><img loading="lazy" decoding="async" class="alignnone size-medium wp-image-304" src="http://www.xn--itinraireculturelfrancsetwisigoths-e9c.fr/wp-content/uploads/2013/06/Logo-ItinÃ©raire-Culturel-06-2013-300x224.jpg" alt="Logo ItinÃ©raire Culturel 06-2013" width="300" height="224" srcset="http://www.xn--itinraireculturelfrancsetwisigoths-e9c.fr/wp-content/uploads/2013/06/Logo-ItinÃ©raire-Culturel-06-2013-300x224.jpg 300w, http://www.xn--itinraireculturelfrancsetwisigoths-e9c.fr/wp-content/uploads/2013/06/Logo-ItinÃ©raire-Culturel-06-2013-1024x766.jpg 1024w, http://www.xn--itinraireculturelfrancsetwisigoths-e9c.fr/wp-content/uploads/2013/06/Logo-ItinÃ©raire-Culturel-06-2013-400x300.jpg 400w, http://www.xn--itinraireculturelfrancsetwisigoths-e9c.fr/wp-content/uploads/2013/06/Logo-ItinÃ©raire-Culturel-06-2013.jpg 1768w" sizes="auto, (max-width: 300px) 100vw, 300px" /></a></p>
<p style="text-align: justify;">La copie de la broche circulaire (fibule) qui le personnalise est commune aux Francs, Wisigoths et Ostrogoths, d’où son choix. Elle est extraite du catalogue page 456 de l’exposition<em>: « Hispania Gothorum San Ildefonso y el reino visigodo de Toledo ». 23 enero – 30 junio 2007 Toledo. Museo de santa Cruz. </em>Elle provient de la Nécropole de Aceditos en Espagne et est exposée au Musée Archéologique Régional de Madrid.</p>
<h6 style="text-align: center;"></h6>
<h6 style="text-align: justify;"></h6>

<p>Un logo commun: chaque structure membre du réseau par l&#8217;adoption et la signature de la charte éthique des valeurs (F.F.I.C.E.), pourra s&#8217;approprier le logo (à compléter à terme en fonction des attentes et souhaits des membres), en inscrivant son nom dans le &hellip; <a href="http://www.xn--itinraireculturelfrancsetwisigoths-e9c.fr/?page_id=791">Continuer la lecture <span class="meta-nav">&rarr;</span></a></p>
